 x**3 - 5*x**2 + 6*x + 1. Let b(z) = -z**2 - z - 1. Let q(n) = 2*b(n) + i(n). What is q(c)?
27
Let f(s) be the third derivative of s**8/20160 - s**7/840 - s**6/720 - s**5/60 - 21*s**2. Let a(w) be the third derivative of f(w). Determine a(6).
-1
Let a(l) = -7*l**3 - 18*l**2 - 16*l + 5. Let v(q) = 8*q + 85*q**2 + 5*q**3 - 2 - 3*q**3 + q**3 - 76*q**2. Let g(d) = -2*a(d) - 5*v(d). Determine g(-8).
0
Suppose u - 3*o - 18 = -6, u = -4*o - 2. Let t(a) = -2*a**2 + 10*a + 9. Give t(u).
-3
Suppose -28*n + 4*n + 168 = 0. Let o(c) = c**3 - 8*c**2 + 5*c + 4. Give o(n).
-10
Let a(m) be the third derivative of 0*m**4 + 0*m - 1/30*m**5 - 5*m**2 + 0 + 1/6*m**3 - 1/120*m**6. Let u(o) = -o - 6. Let n be u(-5). Calculate a(n).
0
Suppose -2*x - 28 = 2*i, 5*i = 29 - 9. Let j = -18 - x. Let h(s) = -s**2 + s - 6. Calculate h(j).
-6
Let h(t) = t. Suppose 0 = -4*d + 11 - 3. Let f(p) = 1 - d*p + 6*p + 0*p - 3*p. Let b(z) = -f(z) + 2*h(z). Give b(4).
3
Suppose -5*p = -10*p + 15. Suppose -2 = 4*n + 2*f, -1 = p*n + 4*f + 13. Let s(c) = 0*c - c + 2*c - c**2. Calculate s(n).
-2
Let u(m) = -3*m**2 + 24*m - 31. Let x(h) = 2*h**2 - 13*h + 18. Let r(q) = -3*u(q) - 5*x(q). Determine r(-5).
13
Let f(p) = -3 + 0*p + 2 - p. Let t(x) = -x**3 - 9*x**2 - x - 6. Let d be t(-9). Calculate f(d).
-4
Let i(k) = -4*k - 2*k - 318 + 646 - 325. Let w(r) = -r**3 - 6*r**2 - 6*r. Let o be w(-4). Let v be o/(-6)*6/4. Give i(v).
-9
Let g(y) be the third derivative of y**5/60 - y**4/24 + y**3 + y**2 - 14*y. Give g(0).
6
Let y(a) = a + a + 95 - 97 + 2*a. Calculate y(-3).
-14
Let v(s) = 2*s - 70. Let a be v(38). Let l(y) = 4*y - 12. What is l(a)?
12
Let b(w) be the third derivative of -w**7/2520 - 7*w**6/720 + 13*w**5/120 + w**4/8 - 4*w**2. Let a(h) be the second derivative of b(h). Determine a(-9).
-5
Suppose 2 = -3*x + 8, 0 = -2*w - 5*x - 118. Let j = -69 - w. Let t(v) = -v**3 - 4*v**2 + 4*v + 2. Determine t(j).
7
Suppose 13*x - 4*x - 378 = 0. Suppose x = 4*f + 3*f. Let d(v) = -v + 11. Determine d(f).
5
Let s = 24 + -24. Let d(t) = -t**2 + t + 6. Let b be d(s). Let v(j) = -j**3 - b*j**2 - j + 3 - 7 + 1 + 4. What is v(-6)?
7
Let q(l) = -9*l + 24. Let s be q(4). Let u(i) = -i**3 - 12*i**2 + i + 9. What is u(s)?
-3
Let z(x) = -x**3 + x**2 - 1. Let o = 16 - 15. Let g be (4 - 1)*1/o. Suppose g*i - 3 = 3. Give z(i).
-5
Suppose -g = 4*q - q - 11, -g - 29 = -5*q. Let j(o) = 2 - 3 - q + 0*o**3 + o**3. Suppose 0 = -m - 2*m. What is j(m)?
-6
Suppose 0 = -11*f + 13*f - 2. Let x(o) = 4*o - 3*o - 3*o + f. Let d(w) = -w**2 + w + 4. Let a be d(0). Give x(a).
-7
Suppose 44*w + 43 = 87*w. Let t(g) = g + 3. Give t(w).
4
Let i(k) = -k**3 + 3*k**2 - k + 3. Let t be 0 + (-10)/(1 - -1). Let y = -3 - t. Let a be y + (-3)/9*-3. Determine i(a).
0
Let v(t) = -t**2 + 8*t + 8. Let g = 35 + -34. Let c be g/(6/9) - (-33)/6. Determine v(c).
15
Suppose -800 = -2*k - 3*k. Let i be k/(-24)*(-18)/15. Let x(h) = -h**2 + 10*h + 2. What is x(i)?
18
Let c(h) = 0*h - 18 + 12 + 4 - 2*h. Suppose 32 - 8 = 4*j. Give c(j).
-14
Let u(i) = i**2 + i - 1. Let h(l) = l + 17. Let j(y) = -3*y**2 + y - 2. Let n be j(-2). Let k be h(n). Give u(k).
1
Let o(j) = -7*j**2 - 10 - 28*j + 91*j - 32*j + j**3 - 30*j. Let w(s) = -s**3 - 7*s**2 - 2*s - 7. Let g be w(-7). What is o(g)?
-3
Let j = 106 - 76. Let k = -28 + j. Let m(l) = l**3 - 5*l**2 + l + 2. Calculate m(k).
-8
Suppose -4*p = 5*a - 1 - 2, a + 5 = 0. Let f(z) = 4*z + 4*z - 1 + 2 - p*z + 4*z**2. What is f(-1)?
4
Let b = -42 - -44. Let k(z) = -282*z**b + 7 + 281*z**2 - 1 + 3*z. Calculate k(5).
-4
Let v(h) = h**3 - 6*h**2 + 3*h - 2. Suppose 136 - 6 = 5*d. Suppose -6*o + o + k = -d, -3*k = 2*o - 7. Give v(o).
-12
Suppose 3*v + 35 = 188. Suppose 3*x + v = -51. Let i = -40 - x. Let l(j) = -j**3 - 7*j**2 - 8*j + 5. Give l(i).
17
Let n(l) be the first derivative of -4*l**3/3 - l**2/2 - l - 1. Let a be -4 + -2*(0 + -1). Let v be ((-2)/4)/(a/(-4)). Calculate n(v).
-4
Let q(p) = -p**3 - 9*p**2 - 13*p - 3. Let r be q(-2). Let h(j) = j**3 + 6*j**2 + 7*j + 1. Give h(r).
-9
Let d(i) = -i**2 - 4*i + 8. Let a(p) = -3*p**3 - 5*p + 4. Let u be a(1). Suppose -2*f = f + 30. Let j = f - u. What is d(j)?
-4
Let x(n) = n - 1. Let c be ((-4)/5)/(4/(-10)). Let w = -64 + 66. Let y be c + (w - -1 - 6). What is x(y)?
-2
Let p(k) = 4*k + 1. Let n(y) = -y**2 - 7*y - 3. Let g be n(-5). Suppose 0 = 2*c - 17 + 7. Let d = c - g. Calculate p(d).
-7
Let n = 459 - 460. Let d(u) = u**2 - 3*u - 2. Calculate d(n).
2
Suppose -3*w + 5*w = 4*p + 4, 5*w - 18 = 2*p. Suppose w*b + 4*k = 16, -7 = -b + 3*b - k. Let o(d) = 3*d**2 + 1. What is o(b)?
4
Let d = -5 + 9. Let n be (-104)/(-18) - d/(-18). Let h(o) be the second derivative of o**5/20 - o**4/2 + 3*o**2/2 + 144*o. Calculate h(n).
3
Let z(s) = s**2 - 2*s - 2. Let p(o) = 7*o**2 - 9*o - 18. Let u(q) = p(q) - 6*z(q). Give u(4).
22
Suppose -t + 133 = 4*o, -3*t + 5*t - 10 = 0. Let y = -38 + o. Let j(b) = b**3 + 6*b**2 + 2*b + 7. Give j(y).
-5
Suppose -r + 3*r - 4 = 0. Let m(b) = -321 - 4*b + 325 - 3*b**2 + r*b**2. Calculate m(-7).
-17
Let q be ((6 - 2) + -3)*(1 + 4). Suppose 3*o - w - 4*w = 0, -2*o = -5*w - q. Let i(c) = c**2 + 4*c - 6. Determine i(o).
-1
Let m(w) = -14*w**3 - 38*w**2 + 20*w - 35. Let g(j) = -5*j**3 - 14*j**2 + 7*j - 12. Let q(o) = 17*g(o) - 6*m(o). Determine q(-10).
16
Let z(a) = -7*a + 36. Let c(i) = -2. Let n(f) = -6*c(f) + z(f). Let s be n(7). Let g(u) = 0 + 0 - 6*u**2 + u. Determine g(s).
-7
Let q be 5/3 - (1120/(-21))/10. Let l(o) = o**2 - 5*o - 9. Give l(q).
5
Let m(x) = x**2 + 13*x + 7. Let u(p) = p**2 + 12*p + 7. Let o(s) = -6*m(s) + 7*u(s). Let h be o(-4). Let v(l) = 4*l. Determine v(h).
-4
Let a(k) be the third derivative of k**6/120 + k**5/20 - k**4/12 + k**3 + 87*k**2. Calculate a(-3).
12
Suppose k - 6*k + 10 = 0. Let u(c) = k + 0 - 1 + 2*c**3. Let j = -40 - -41. Calculate u(j).
3
Let o(i) = -2*i**2 - 2*i - 3. Let d(h) = h**3 + 7*h**2 + 8*h + 1. Let m be d(-6). Let p(w) = 5*w - 29. Let s be p(4). Let r = m - s. Give o(r).
-7
Suppose 6*c - 9*c + 84 = 0. Let u be 196/91 + -2 - c/13. Let z(l) = 2*l. Calculate z(u).
-4
Suppose 4*j = -5*f + 3*j - 22, 0 = 2*f + 5*j + 18. Let o(d) = 0 - 2*d - 3*d + 4 + 10*d - 3*d. Give o(f).
-4
Let w(d) = 5*d**2 + d - 1. Let s be w(1). Suppose -2*f = -s*f. Let o(l) be the first derivative of l**4/4 + l**2/2 + l - 2. Calculate o(f).
1
Let z(o) = o - 1. Let s(q) = 9. Suppose 3*x - 4 = -x. Let f(u) = x*s(u) + 2*z(u). Calculate f(-5).
-3
Let h(z) = 4*z**2 - 5*z + 5. Suppose -5 = -5*x, 35*l = 38*l + 4*x - 10. What is h(l)?
11
Let v(u) be the first derivative of u**3/3 + u**2 - 8*u - 893. Let p = 10 + -16. Give v(p).
16
Let d(j) = j**3 - 7*j**2 + 5*j - 5. Suppose -51 - 81 = n. Let t = -126 - n. Give d(t).
-11
Suppose -2*v + 100 = 8*v. Let k = v - 12. Let f(b) = 2*b + 1. Determine f(k).
-3
Let t(w) = -w + 7. Let o be t(3). Let g(z) = 13*z**2 - 6*z**2 - 4*z**2 - 1 - o*z**2 - 8*z. What is g(-7)?
6
Let a(d) = 2*d**2 - 6*d + 8. Let j be a(2). Suppose 0 = -2*g - 5*s - 9, -6 = -j*g + 3*s - 37. Let q(m) = -m. Give q(g).
7
Let x = -290 + 283. Let j(h) = h. Let o(r) = 5*r + 6. Let q(g) = -4*j(g) + o(g). What is q(x)?
-1
Let l(g) = -g**2 + 12*g + 1. Let y be l(12). Let i be (y*-4)/((-2)/1). Let h(r) = -8 - 1 + 10 + r - 5. Determine h(i).
-2
Let z(a) = -44*a + 1 - a**3 + 42*a - 2*a**2 - 2*a**2 + 6*a**2. Calculate z(3).
-14
Let g(a) = 3*a**2 + 12*a - 24. Let h(s) = -2*s**2 - 8*s + 16. Suppose -4*c - 5*j - 40 = -j, -4*c + j = 30. Let d(n) = c*h(n) - 5*g(n). Calculate d(-6).
4
Let d(p) = 7*p - 10. Suppose -h - o + 7 = 0, 6*h + 3*o = 2*h + 25. Let c be d(h). Suppose -3*l = -12 + c. Let w(n) = 2*n**3 + 3*n**2 + 3*n. Calculate w(l).
-10
Let u(a) = -195*a + 396*a - 196*a - 2. Determine u(-2).
-12
Suppose 16 = 2*m - 0*m. Let n = -92 + 102. Suppose -m*w - 2 = -n*w. Let h(t) = -6*t**3 - 2*t + 1. Give h(w).
-7
Let g(x) = -x + 7. Let j be g(5). Let l(d) = -j*d - 4*d**2 + 5*d**2 + 7*d - 6. Let c be 1 + -8 + 8 - 6. Determine l(c).
-6
Suppose 5 = 2*n + q + 2*q, 4*n - 2*q = 2. Suppose -3*l = -0 - 6. Let s(i) = -l*i + 5 + 7*i - 6. Determine s(n).
4
Let y(w) = 3*w + 1. Let o = -2 - 8. Let p be (0 + -2 - -1)*o. Let f be (-1)/((p/6)/5). Give y(f).
-8
Let j = 11 + -17. Let q(k) = k**2 - k + 4. Let u be q(0). Let n(p) = -2*p**2 - u - 6*p - 2*p**2 + 3*p**2. What is n(j)?
-4
Let b